w - a. Is w composite?
True
Suppose -8236*j = -8246*j + 118510. Is j prime?
False
Let u be ((-14 - 121)/15)/((-1)/9379). Is (-1)/(-2)*(u/9 - -3) composite?
False
Suppose 3*v - 7*v = -100. Let m(q) = 22*q**2 - 83*q + 2. Is m(v) a prime number?
True
Let i(f) = 1850*f**2 - f. Let t be 148/20 + 3/5. Suppose t = 11*y + 19. Is i(y) a composite number?
True
Let f be -3 + ((-4)/30 - 2335/(-75)). Suppose 0*s + s = -9. Let r = f - s. Is r a composite number?
False
Suppose 0 = -52*m + 8568668 - 1546432. Is m a prime number?
True
Let l(h) be the first derivative of -929*h**5/20 + h**3/3 + h**2 + 8*h - 4. Let p(w) be the first derivative of l(w). Is p(-1) composite?
False
Let x(l) = 74*l**2 + 350*l - 23. Is x(-20) a prime number?
False
Let c(w) = -w**2 - 11*w - 14. Let t be c(-2). Suppose -15293 = -t*u - 3*y, 679 = -u - 2*y + 4506. Is u a composite number?
False
Let j be (1419/19)/3 + (-4)/(-38). Suppose 2*z - j = -2*y + 13, z = 0. Is y composite?
False
Suppose -18*b = -14*b - 32. Suppose 1266 + 854 = b*q. Let f = 656 + q. Is f a composite number?
True
Suppose -5*k = f - 1069412, -2*f - 83635 - 771875 = -4*k. Is k a composite number?
False
Suppose -6*p - 13*p = 30419. Let s = -690 - p. Is s a composite number?
False
Suppose 0 = 18*z - 587713 + 177151. Is z prime?
False
Let n be (-4 + 3 - -2) + 5 + -4. Suppose -200 = n*v + 28. Let y = v + 211. Is y a composite number?
False
Is 17 - (57/(-19) + -9923) a composite number?
True
Suppose 0 = 5*l, 4*d + d + 4*l = -55. Is ((-11077)/d)/(1/(1/1)) a prime number?
False
Let w be 290/5 + (-1)/((-4)/(-16)). Suppose 0 = w*p - 41*p - 68861. Is p composite?
False
Let w(f) = 3*f**3 - 4*f**2 - f + 9. Let h be w(6). Suppose -3*o - 1696 = -2*b, -o + 2211 - h = 2*b. Is b a composite number?
True
Is (-1412047)/(-24 - -17) + (-6)/1 prime?
False
Let q be (-184)/6*-9*(-6)/18. Let b be (-2)/(-8) + (-345)/q. Suppose -t - 6*z + 7*z = -3105, -b*t + 12448 = 3*z. Is t a composite number?
False
Let a = 1435 + -526. Let b = -602 + a. Is b composite?
False
Suppose 427*s + 1877386 = 441*s. Is s a prime number?
False
Let x = 29778 + 34133. Is x a prime number?
False
Suppose -c - 3161 + 541 = -2*a, 4*c = -3*a + 3908. Suppose -3*l - a = -6*l. Suppose l = 2*h - 630. Is h composite?
True
Suppose 27 = 2*r + 3. Suppose q - 5*t = r + 7, 0 = -4*t - 20. Is (-2)/q + (-83572)/(-51) a composite number?
True
Suppose -4*h = -12*h + 80. Let v be (8/h)/(2/5). Suppose -v*u - 3*u = 3*g - 482, 3*u + 2*g = 289. Is u composite?
False
Let t(l) = 2*l - 14. Let k be t(11). Let i be 28/k + 1/(-2)*-1. Suppose i*f = -4*f + 616. Is f composite?
True
Is (-24)/(-396) + (-247420660)/(-132) prime?
True
Suppose -3*z = -p - 4*p + 10, -35 = -2*z - 5*p. Suppose d + 7696 = z*d. Is -5 - -1 - d/(-2) a composite number?
True
Suppose -258667 = -2*h + 5*q, 5*h + q - 693324 = -46616. Is h a prime number?
True
Is 518227/7 - (26 - (-186)/(-7)) a composite number?
True
Let l = 14 - -32. Let d = l + -40. Suppose -5*p = 0, 5*z - 5365 = 11*p - d*p. Is z prime?
False
Let j(g) = -7*g**3 - 97*g**2 - 594*g + 3. Is j(-50) a prime number?
True
Let u = 39946 - -409099. Is u composite?
True
Let p(q) = q**3 - 6*q**2 + 5*q + 6. Let g be p(5). Is 13304/6 + g/(-18) composite?
True
Let g = -46858 - -104187. Is g composite?
False
Let i(x) = 9051*x - 13. Let n be i(-2). Let h = n + 35822. Is h a composite number?
False
Suppose -2*w = 29*w + 217. Is w/(28/101912)*1/(-2) a prime number?
True
Suppose 31*t - 22*t - 729765 = 0. Is 6/21 - t/(-35) a composite number?
True
Let x = 83 - 75. Suppose x*w - 31657 = 18303. Is w a composite number?
True
Let z = 8898 - -9824. Suppose 0 = -3*g + z + 44518. Suppose 9*m - 11257 - g = 0. Is m prime?
True
Let p = 8426 + -5234. Let m = p - 1175. Is m prime?
True
Let o be 2199/(-3 + 3 + 1). Let r = -1772 - -622. Let l = o + r. Is l a prime number?
True
Let m(t) = -35*t**2 + 13*t + 2. Let q be m(1). Let n(r) be the second derivative of -r**5/20 - 5*r**4/3 - r**3 + 25*r**2/2 + 3*r. Is n(q) composite?
True
Is 43191344/76 - (-33)/(-209) a composite number?
True
Suppose 7*m = 10*m + 2502. Let u = -3530 - m. Let j = -1439 - u. Is j a prime number?
False
Suppose 0 = -95*r + 5271208 + 1552737. Is r a prime number?
False
Let m(q) be the third derivative of 97*q**6/120 + q**5/30 + q**4/8 - q**3/2 - q**2. Suppose -3*l + 10 - 5 = g, -2*l - g = -3. Is m(l) prime?
True
Suppose -3*p = 4*j - 425247, -708716 = -629*p + 624*p + 3*j. Is p a prime number?
False
Let v = 1150 + 2843. Let l = v + 4256. Is l composite?
True
Suppose 14*i + 2 = 15*i. Suppose r - 94 - 163 = -4*c, -132 = -i*c - 4*r. Let j = c - -51. Is j prime?
False
Suppose -15653*b + 2603856 = -15635*b - 979242. Is b a prime number?
False
Suppose 0 = q - 4*n - 3, 0 = -3*q - q - 3*n + 12. Suppose -2*a + 2070 + 1247 = -q*t, 4*a - t = 6629. Is a composite?
False
Let w(i) = 38401*i**3 - 7*i**2 - 6*i + 9. Is w(1) composite?
True
Suppose 5*t - 2*r = 324044 + 132009, 0 = t + r - 91219. Is t a composite number?
True
Suppose 580 = -s + 4*c - 0*c, -1725 = 3*s + 3*c. Suppose -3*v + 3407 = 728. Let d = v + s. Is d prime?
True
Let t be (-8)/(-6) + -2 - (-248440)/15. Suppose -4*u - 2446 = -t. Suppose -u = -3*h + 1742. Is h composite?
True
Suppose -3*g = -c, -2*g - g - 2*c + 9 = 0. Suppose 2*l = -2*s - l - g, 0 = -5*l - 25. Suppose 4*m + 5*a - 3810 = 0, s*a + 3828 = 4*m + 3*a. Is m a prime number?
False
Let x(s) = -16*s**3 - 2*s**2 - 3*s - 8. Let r be x(-6). Let j = r - 1177. Suppose -28*f + 25*f = -j. Is f a composite number?
False
Let t = 5419 + -2256. Is t prime?
True
Suppose 18*g + 29217 = 19*g. Let n = -8740 + g. Is n a composite number?
False
Suppose -4*k + 129849 = 211*w - 208*w, -129843 = -3*w - 2*k. Is w composite?
True
Let u(r) = -5*r**3 + 11*r**2 - 8*r - 2. Let o be u(7). Let i = o + 2493. Is i composite?
False
Is ((-90)/36)/(15*(-7)/640878) prime?
True
Let d be (-6)/(-15) - 65/(-25). Let u(l) = -l**2 + 5*l + 4. Let k be u(d). Suppose k*s - 8185 = 4665. Is s a composite number?
True
Let z = 2571 - -9987. Let u be (-1)/3 + z/63. Suppose -2*t = 5*p - 882, -5*t + u + 493 = 4*p. Is p a composite number?
True
Let z(y) = 67*y**2 - 205*y + 289. Is z(39) composite?
False
Let k = -140643 + 390292. Is k prime?
False
Is 20794 + ((-1)/4 - 476/(-112)) a composite number?
True
Let q(f) = 34*f**2 - 1434*f + 75. Is q(-47) a prime number?
False
Suppose 157*z - 767191 = 396022. Is z a prime number?
False
Let u(i) = 393*i**2 - 8*i - 16. Let n be u(8). Is n/(-24)*9/(-6) a prime number?
True
Is (-39)/(-6) - 6 - 348858/(-4) composite?
True
Let r = 170 + -124. Suppose r*d = 55*d - 19341. Is d a composite number?
True
Suppose -4*k + 23306 = -2*i, i - 11643 = -2*k - 0*i. Suppose 7*b = k + 2331. Is b composite?
True
Suppose 151 = -f + 153, f = s - 2101. Is s composite?
True
Is (9 + (-247)/26)*(-189234)/3 composite?
True
Suppose 1247 + 64963 = 5*c. Let q = -8200 + c. Is q composite?
True
Suppose -3*p - 5971 = -40192. Let q = p + -7440. Is q prime?
True
Is (135/90*(-2)/6)/(3/(-231006)) a prime number?
True
Suppose 305*b = 306*b - 7. Suppose 35*s = b*s + 905716. Is s prime?
False
Suppose 2*b - 2*c = -12, 0*c + 8 = 2*b + 3*c. Let o be ((-484)/(-33))/(b/(-162)). Is -2*(o/(-8) + -2) composite?
True
Suppose 41*n - 37*n - 4*h - 1557156 = 0, -4*n = 4*h - 1557220. Is n a prime number?
True
Suppose 6*g - 54 = -30. Let l be 1 + 1 + -4 + g. Suppose 6*m - l*m = 0, 5*m + 1165 = h. Is h a prime number?
False
Let t(h) = 2100*h - 409. Is t(14) a prime number?
False
Let t(n) = n**2 + 5*n + 4. Let g be t(-4). Suppose g = o - 3*w - 71, 2*o = -0*w + 3*w + 157. Suppose -b + o = 21. Is b a composite number?
True
Let a(l) = -870*l**3 + l**2 + 2*l. Suppose -12*o + 6*o = 6. Let u be a(o). Suppose 0 = -4*s + 5*s - u. Is s prime?
False
Let a = -9 - 22. Let j = 29 + a. Is (j/(-3))/(8/14532) a composite number?
True
Is ((1 - 677865) + 207/23 + -12)*-1 prime?
False
Suppose -19260065 = -140*k - 47*k. Is k composite?
True
Let f = 334 + -333. Is (-9 + (-19816)/(-16))*f*2 prime?
True
Suppose 101*h = 170*h - 1869141. Is h a prime number?
False
Suppose -2*n + 95854 = 4*c, 303*c + 143811 = 3*n + 304*c. Is n a composite number?
False
Let f(b) = 5 - 2*b + b**2 + 6*b**2 - 4 + 0*b. Let t be f(1). Suppose 2825 + 301 = t*j. Is j a composite number?
False
Let h(z) = 28*z**3 + 2*z**2 + 2*z + 4. Let i be h(